(-5)?
True
Suppose 0 = 2*j - 2*u + 5*u - 104, -5*u = j - 59. Is 7 a factor of j?
True
Let c(l) be the third derivative of -l**5/60 + 7*l**4/24 + l**3 + l**2. Let n be c(6). Suppose 0 = 3*b + n - 48. Does 6 divide b?
True
Suppose -n - 17 + 54 = 0. Let r = n + -13. Is r a multiple of 5?
False
Suppose 3*a + x = 30, x = 3*a - 0*x - 24. Let d = a - -5. Does 7 divide d?
True
Suppose -6*z + 40 = -5*z + 2*b, -4*z + 4*b = -196. Is 18 a factor of z?
False
Suppose -2*c - 2*c = -8. Suppose -c*g = -6, 4*t + g - 50 = -3. Is t a multiple of 11?
True
Suppose m + 44 = -m. Let d = 37 + m. Is d a multiple of 15?
True
Let j(b) = b + 17. Is j(-8) a multiple of 2?
False
Let c(w) = w**2 - 7*w + 15. Is c(6) a multiple of 3?
True
Suppose 9 - 32 = 3*h + 5*x, -h - 4*x - 10 = 0. Is h/(((-4)/(-44))/(-1)) a multiple of 13?
False
Let n = 133 - 43. Does 15 divide n?
True
Let t(i) = -1 + 7*i**2 - 3*i + i + 3*i - 4*i. Is 11 a factor of t(-2)?
True
Let u(q) = 2*q**2 + 8*q + 10. Let k(n) = n - 16. Let w be k(12). Does 8 divide u(w)?
False
Let q(g) = -g + 10. Is 6 a factor of q(4)?
True
Suppose -12*a - 252 = -18*a. Is a a multiple of 6?
True
Is ((-16)/10)/((-2)/5) a multiple of 4?
True
Suppose 3*l - 768 = 3*f, 3*l - 8*f = -3*f + 776. Does 18 divide l?
True
Let p(m) = m**2 + 6*m + 6. Let f be p(-5). Suppose -1 = -y + f. Does 2 divide (y/3)/(1/3)?
True
Let u(w) = -w**3 + 8*w**2 - 8*w + 8. Let z be u(7). Let l be (1 - -13) + z - 1. Suppose -5*i + 17 = 2*b - l, -5*b + 118 = -i. Is b a multiple of 14?
False
Suppose -393 = -2*l + 5*u + 102, 3*u = 2*l - 505. Is l a multiple of 10?
True
Does 5 divide (-4)/(-14) - 7/((-245)/165)?
True
Let k = 21 + -10. Is 10 a factor of k?
False
Let a be 1 - (-2 + -1 - -1). Does 3 divide 1 - 3 - -9 - a?
False
Suppose -2*f - 2*f = -5*l + 32, -3*l + 6 = 2*f. Suppose -n + l*q = -73, 2*q = -n - q + 59. Is 13 a factor of n?
True
Suppose -18*p + 192 = -2*p. Is 12 a factor of p?
True
Let d be 2 - (-27)/(-3) - -1. Let k(w) = w**3 + 7*w**2 + 3*w - 2. Is k(d) a multiple of 6?
False
Let x = -2 + 3. Suppose 19 = c + x. Is 6 a factor of c?
True
Let y be -7 - -4 - (-15 - 2). Suppose 2*p + 4*s - 8*s = -y, -4*p = s - 17. Suppose 2*z - 72 = -3*g, -p*g + 20 = 4*z - 118. Is z a multiple of 11?
True
Let w = 173 + -98. Is 15 a factor of w?
True
Let z = 16 + 10. Is z a multiple of 11?
False
Suppose -2*p + 7*p = 435. Does 10 divide p?
False
Let l be (3/(-9))/((-4)/1284). Let s = -61 + l. Is 23 a factor of s?
True
Let n be (0/1)/(3 + -1). Suppose v + 19 = -3*h - 4*v, -3*h - 3*v - 9 = n. Suppose -m - h*m = -9. Does 3 divide m?
True
Let m(o) be the second derivative of o**4/3 - o**3/6 + 5*o**2/2 + o. Let b be m(-6). Is 6 a factor of b/15 - (-1)/(-3)?
False
Suppose -5028 = -23*o + 3873. Is 17 a factor of o?
False
Let k = 112 - 58. Is k a multiple of 18?
True
Is 25 a factor of 20/(2*2/10)?
True
Does 30 divide (2/1)/((-4)/(-214))?
False
Let k(y) = -y + 11. Let m be k(12). Let s(v) = -7*v - 1. Let z be s(m). Let w(l) = -l**3 + 7*l**2 - 4*l. Is w(z) a multiple of 12?
True
Suppose 6*y = 7*y - 14. Is y a multiple of 7?
True
Let n(s) = 14*s**2 + 3*s + 1. Let g be (-1)/(2/16*4). Does 17 divide n(g)?
True
Suppose -3*y + 871 = -2*r - 260, 4*y = -r + 1519. Suppose 5*w = -3*j + y, 2*w + 380 = 5*j - 293. Is 35 a factor of j?
False
Let x = -6 + 9. Suppose 4*d + 5 = x*o - 2, 2*d + 5 = o. Does 12 divide ((-147)/(-28))/((-1)/d)?
False
Let g = 0 + 2. Suppose 7*b = 5*j + 3*b - 8, -5*j - b - g = 0. Suppose -4*t = -t + 4*l - 94, 4*t + 5*l - 127 = j. Does 19 divide t?
True
Let u(d) = -2*d + 4. Let p be u(2). Suppose -3*n + 3 = p, 0*s - 2*s = -3*n - 83. Does 12 divide s?
False
Suppose -1 = -t + 2*l - 11, 2*l = 4*t + 10. Let d = t + 4. Suppose d*i = -5*b - 0*i + 14, -2*i - 26 = -3*b. Is b a multiple of 6?
True
Let s be 3 + (-6)/4*4. Is 10 a factor of (23/s)/(6/(-36))?
False
Suppose -11*y + 4*y + 1610 = 0. Does 10 divide y?
True
Let z(k) = 2*k - 2. Suppose -16 = 3*y - 7*y - 4*g, 0 = 4*y - 3*g - 9. Let m be z(y). Suppose m*d = -d - q + 38, -3*d - 4*q = -16. Does 6 divide d?
False
Let w(r) = 8*r**3 - r**2 - 4*r + 8. Let i(f) = -7*f**3 + 4*f - 7. Let d(m) = 5*i(m) + 4*w(m). Let k be d(2). Let h = 83 + k. Is h a multiple of 16?
True
Suppose 0 = 5*o - 3*o - 10. Suppose m + 1 = o. Suppose m*v = -0*v + 3*w + 18, 7 = 3*v + w. Is 3 a factor of v?
True
Let r(s) = 89*s**3 - 98*s**3 - 323*s**3. Let t be r(1). Is 8 a factor of t/(-14) - 14/(-49)?
True
Let b = 18 + -13. Suppose l = b*l + 16, -3*a + 3*l = -108. Does 8 divide a?
True
Let p = -140 - -146. Is p a multiple of 5?
False
Let i = 0 + 2. Suppose -5*t + i*t = -315. Suppose -3*j - 2*k = -t, -3*j + 2*k = -42 - 75. Is j a multiple of 15?
False
Let r(f) = 74*f + 1. Let m be r(1). Suppose 49 = 2*o - m. Is o a multiple of 18?
False
Suppose 4*p + 0*p - 276 = 0. Is p a multiple of 12?
False
Let h(g) = -g**3 + g - 1. Let o be h(-2). Suppose -a = -j + 2*a + 2, -10 = -o*a. Is 5 a factor of j?
False
Let d(y) = 5*y - 1. Let x be d(-1). Let n be (-16)/(-9) + x/(-27). Is 6 a factor of n + 0 + (0 - -4)?
True
Let v(z) = -194*z - 4. Let l be v(4). Is l/(-55) + 4/(-22) a multiple of 14?
True
Let m = -12 - -8. Let j be (1 + 0 + 3)*1. Is m/1*(-7)/j a multiple of 5?
False
Suppose 3*z - 5*f - 929 = 0, -482 = -3*z + 2*f + 444. Does 22 divide z?
True
Suppose -3*x + 4 = -2*d + x, 3*d = 3*x - 3. Suppose u - 2 = -d*u. Suppose -2*j = u*j - 44. Does 3 divide j?
False
Let a(k) = 2*k**2 + k + 2. Does 4 divide a(-2)?
True
Suppose -586 + 82 = -9*a. Does 14 divide a?
True
Is 10 a factor of (2/3)/((-6)/(-180))?
True
Is 29 a factor of 1395/(-31)*(72/10)/(-3)?
False
Suppose k = 11 - 3. Let i(q) be the first derivative of -q**3/3 + 5*q**2 + 6*q + 3. Is i(k) a multiple of 11?
True
Suppose -h - t - t = 11, -5*h = -5*t - 20. Let u = h + -13. Let b = 32 + u. Is b a multiple of 9?
True
Let s(o) = -34*o + 4. Does 3 divide s(-3)?
False
Let d = 1 + 2. Let z be (d/(-1))/(9/(-204)). Suppose 108 = 3*m - 3*h, 44 + z = 3*m - h. Is 19 a factor of m?
True
Let w(x) = x**3 + 4*x**2 + 2. Let y be w(-4). Suppose -y*p = 3*j - 8, 4*p = -3*j + 6*j + 34. Is p a multiple of 3?
False
Suppose -5*n - 4*t = -304, 0 = -4*n - 4*t + 68 + 176. Is n a multiple of 12?
True
Let p = -81 + 134. Is p a multiple of 22?
False
Let v(o) = -o**2 + 9*o - 3. Let k be v(8). Let y(g) = g**2 - 5*g + 5. Is 4 a factor of y(k)?
False
Let h(a) = -a**2 + 3*a + 6. Let m be h(5). Let k(f) = -f**2 - 4*f + 3. Is 3 a factor of k(m)?
True
Suppose 0 = a + s - 17, -12 - 67 = -5*a - 3*s. Suppose w + 0*z + 4 = 4*z, -4*w + z = -a. Suppose w*r - 27 = r. Is 4 a factor of r?
False
Does 12 divide ((-24)/(-1))/((-4)/(-6))?
True
Suppose 0 = -5*w - 20, b + 2*w = -3*w - 23. Let s(o) = o**2 + 2*o + 2. Does 5 divide s(b)?
True
Let k = -29 + 34. Suppose 0*r = -4*r - 5*c + 179, -r = k*c - 26. Is 17 a factor of r?
True
Let j(k) = k**3 + 6*k**2 - 5*k - 5. Is 6 a factor of j(-6)?
False
Let w = 0 + 4. Suppose 0*g = -w*g. Suppose 0*o - o + 25 = g. Is 18 a factor of o?
False
Let k(q) = 2*q**2 + 14*q + 12. Let s be k(-9). Is 17 a factor of (s + 3)*(-3)/(-9)?
True
Let h(r) = r**3 - 5*r**2 - 4*r - 1. Let v(y) = y - 1. Let m(k) = -5*k + 3. Let a(j) = -m(j) - 4*v(j). Let c be a(5). Is 4 a factor of h(c)?
False
Is 10 a factor of ((-16)/6)/((-9)/81)?
False
Suppose -2*d + 2*t - 4 = 0, 4*d + 2 = 2*t - t. Suppose 6*j + d*j = 192. Does 28 divide j?
False
Let k = 0 - 17. Let n = 6 - k. Is n a multiple of 11?
False
Let y = -61 + 123. Does 31 divide y?
True
Is -2 + 5 - 2 - -92 a multiple of 20?
False
Let m(u) be the first derivative of u**4/4 + 2*u**3 + 5*u**2/2 + 4. Is m(-4) a multiple of 12?
True
Suppose g + 4 = -0. Is (16 - 4 - g) + 2 a multiple of 9?
True
Let n be ((-36)/16)/((-3)/(-24)). Let s = n + 64. Is 23 a factor of s?
True
Suppose 0 = s - 10 - 5. Does 15 divide s?
True
Suppose 0 = 5*d - 4*u - 19, -2*u + 4*u + 8 = 2*d. Suppose 45 + 45 = d*y. Is y a multiple of 10?
True
Suppose -12 = -3*w + d, 0 = 2*w + 5*d + 1 - 9. Is -44*(-2)/w - 2 a multiple of 20?
True
Suppose -n + 6 = 4*n + 4*j, -n - 2*j = 0. Suppose g = -p + 17, n*g + 101 = 5*p + 3*g. Is p a multiple of 6?
False
Let d = -4 + 28. Does 6 divide d*(-1 - (-3)/2)?
True
Let n = 62 - 27. Let a = -21 + n. Is 4 a factor of a?
False
Let d be 0/(0 + -2) + 4. Suppose -b - d*b + 10 = 0. Suppose -b*r + 4 + 0 = 0. Is r even?
True
Let o(p) = 